{"id":382,"date":"2023-08-08T14:36:48","date_gmt":"2023-08-08T19:36:48","guid":{"rendered":"https:\/\/fst.com.co\/?post_type=product&#038;p=382"},"modified":"2023-12-28T09:57:25","modified_gmt":"2023-12-28T14:57:25","slug":"base-detector-humo-ki-sb","status":"publish","type":"product","link":"https:\/\/fst.com.co\/?product=base-detector-humo-ki-sb","title":{"rendered":"KI-SB-BASE DETECTOR HUMO"},"content":{"rendered":"<p>La base est\u00e1ndar KI-SB de detector an\u00e1logo est\u00e1 dise\u00f1ada para su instalaci\u00f3n por giro y bloqueo, y es compatible con los detectores an\u00e1logos de la Serie V. La base no necesita una direcci\u00f3n separada, puesto que comparte la del dispositivo al que est\u00e1 conectada.Compatible con detectores: KI-PD, KI-HRD, KI-PHD y KI-HFD.<\/p>\n","protected":false},"excerpt":{"rendered":"<p>La base est\u00e1ndar KI-SB de detector an\u00e1logo est\u00e1 dise\u00f1ada para su instalaci\u00f3n por giro y bloqueo, y es compatible con los detectores an\u00e1logos de la Serie V. La base no necesita una direcci\u00f3n separada, puesto que comparte la del dispositivo al que est\u00e1 conectada.Compatible con detectores: KI-PD, KI-HRD, KI-PHD y KI-HFD.<\/p>\n","protected":false},"featured_media":383,"comment_status":"open","ping_status":"closed","template":"","meta":{"site-sidebar-layout":"default","site-content-layout":"default","ast-global-header-display":"","ast-banner-title-visibility":"","ast-main-header-display":"","ast-hfb-above-header-display":"","ast-hfb-below-header-display":"","ast-hfb-mobile-header-display":"","site-post-title":"","ast-breadcrumbs-content":"","ast-featured-img":"","footer-sml-layout":"","theme-transparent-header-meta":"default","adv-header-id-meta":"","stick-header-meta":"","header-above-stick-meta":"","header-main-stick-meta":"","header-below-stick-meta":"","_joinchat":[]},"product_cat":[19],"product_tag":[],"class_list":{"0":"post-382","1":"product","2":"type-product","3":"status-publish","4":"has-post-thumbnail","6":"product_cat-detectores","7":"desktop-align-left","8":"tablet-align-left","9":"mobile-align-left","11":"first","12":"instock","13":"shipping-taxable","14":"purchasable","15":"product-type-simple"},"_links":{"self":[{"href":"https:\/\/fst.com.co\/index.php?rest_route=\/wp\/v2\/product\/382","targetHints":{"allow":["GET"]}}],"collection":[{"href":"https:\/\/fst.com.co\/index.php?rest_route=\/wp\/v2\/product"}],"about":[{"href":"https:\/\/fst.com.co\/index.php?rest_route=\/wp\/v2\/types\/product"}],"replies":[{"embeddable":true,"href":"https:\/\/fst.com.co\/index.php?rest_route=%2Fwp%2Fv2%2Fcomments&post=382"}],"wp:featuredmedia":[{"embeddable":true,"href":"https:\/\/fst.com.co\/index.php?rest_route=\/wp\/v2\/media\/383"}],"wp:attachment":[{"href":"https:\/\/fst.com.co\/index.php?rest_route=%2Fwp%2Fv2%2Fmedia&parent=382"}],"wp:term":[{"taxonomy":"product_cat","embeddable":true,"href":"https:\/\/fst.com.co\/index.php?rest_route=%2Fwp%2Fv2%2Fproduct_cat&post=382"},{"taxonomy":"product_tag","embeddable":true,"href":"https:\/\/fst.com.co\/index.php?rest_route=%2Fwp%2Fv2%2Fproduct_tag&post=382"}],"curies":[{"name":"wp","href":"https:\/\/api.w.org\/{rel}","templated":true}]}}